, what is 1 + -56?
-55
In base 5, what is -211 - 3?
-214
In base 2, what is 1101 + -11?
1010
In base 5, what is 21 + 3444?
4020
In base 11, what is -9a7 + -5?
-a01
In base 15, what is -2 + 1b3d?
1b3b
In base 7, what is -416 + 26?
-360
In base 6, what is 10231 + 12?
10243
In base 4, what is -13013 + 20?
-12333
In base 4, what is 1200 - -3?
1203
In base 3, what is 11022 - 201?
10121
In base 8, what is 0 - 360?
-360
In base 8, what is -6 - -201?
173
In base 13, what is 1 + 82?
83
In base 11, what is 7 - -42?
49
In base 8, what is 15 + -111?
-74
In base 2, what is -1101100 - 11?
-1101111
In base 11, what is -15 + 64?
4a
In base 12, what is -1 - 225?
-226
In base 2, what is -1110001 + -1000?
-1111001
In base 11, what is 2 - -1080?
1082
In base 8, what is -515 + 4?
-511
In base 10, what is 8 - -627?
635
In base 16, what is -2 + -11e?
-120
In base 5, what is 0 + -2210?
-2210
In base 5, what is 2 - -2402?
2404
In base 11, what is 5 + 103?
108
In base 9, what is 258 + 26?
285
In base 7, what is -1 - -105?
104
In base 16, what is -4 + -38c?
-390
In base 7, what is 1 + 2514?
2515
In base 16, what is 2 - 874?
-872
In base 7, what is 5 + -12156?
-12151
In base 2, what is -111 - 110?
-1101
In base 2, what is 11 + 110001001000?
110001001011
In base 5, what is -2132 + -10?
-2142
In base 13, what is -3 + 203?
200
In base 14, what is 2146 + 4?
214a
In base 3, what is 10 - 102210?
-102200
In base 16, what is 50 - -3?
53
In base 6, what is 2 - -45?
51
In base 6, what is -1 + 454?
453
In base 15, what is 2e - -4a?
79
In base 8, what is 35 + 6?
43
In base 10, what is 47 + -106?
-59
In base 11, what is 3 + -108?
-105
In base 8, what is -1240 - 3?
-1243
In base 14, what is 165 - 3?
162
In base 14, what is -17 - -28?
11
In base 16, what is 6c - -42?
ae
In base 11, what is -15 - -367?
352
In base 16, what is 5f + -31?
2e
In base 4, what is 1103 + 2?
1111
In base 15, what is 7 - 5?
2
In base 4, what is -3102 - -1?
-3101
In base 4, what is 200012 + -11?
200001
In base 10, what is -35 + 19?
-16
In base 2, what is 1101111001 + -11001?
1101100000
In base 16, what is -2 + 1e?
1c
In base 7, what is 51330 + -2?
51325
In base 12, what is -52 - -12?
-40
In base 15, what is 5 + -18?
-13
In base 5, what is -324 - 10?
-334
In base 11, what is -7 + 10a?
103
In base 16, what is -5 - 4?
-9
In base 14, what is -a + -11?
-1b
In base 7, what is 53 - -346?
432
In base 11, what is 38 - 5?
33
In base 13, what is -22 - -3?
-1c
In base 14, what is 21dc - 5?
21d7
In base 7, what is 5 + 2?
10
In base 10, what is -307 - 3?
-310
In base 12, what is 9 + 26?
33
In base 5, what is -21 + -103002?
-103023
In base 15, what is 86 + 1b?
a2
In base 10, what is -8 + -8?
-16
In base 13, what is -193 + -4?
-197
In base 4, what is -11 - 2?
-13
In base 10, what is 17 + 53?
70
In base 8, what is -3 - 10?
-13
In base 4, what is 11 - 1133213?
-1133202
In base 3, what is -221100 + 22?
-221001
In base 4, what is -12112 + -11?
-12123
In base 12, what is -2 - 130?
-132
In base 16, what is 9 - -2?
b
In base 13, what is -2c5 + -2?
-2c7
In base 3, what is 1220 + 10?
2000
In base 7, what is 103 - 43?
30
In base 13, what is 86 - 0?
86
In base 3, what is -10 - 220211?
-220221
In base 6, what is 115 - 522?
-403
In base 3, what is -11 + 20222221?
20222210
In base 6, what is -4 + 3010?
3002
In base 12, what is b - -3b?
4a
In base 8, what is -127 - 3?
-132
In base 8, what is 10 - 7?
1
In base 6, what is -1350 + -53?
-1443
In base 9, what is 58 - -2?
61
In base 3, what is 2 - 1111?
-1102
In base 16, what is -b + -1f?
-2a
In base 15, what is 0 + -22?
-22
In base 13, what is -4 - -75?
71
In base 13, what is 0 + 4?
4
In base 14, what is -60 + 3?
-5b
In base 14, what is -b7 - 3?
-ba
In base 9, what is 530 + 40?
570
In base 5, what is 211 + -233?
-22
In base 16, what is 0 - -17?
17
In base 13, what is 2c - 12?
1a
In base 3, what is 1 - 12102?
-12101
In base 5, what is -10 - 14421?
-14431
In base 13, what is -369 - 1?
-36a
In base 15, what is -12 + -30?
-42
In base 11, what is 23 - -10?
33
In base 13, what is -1 - -7?
6
In base 11, what is 2129 + -2?
2127
In base 15, what is -511 + -3?
-514
In base 12, what is 4 - -62?
66
In base 4, what is -3223 + -11?
-3300
In base 11, what is -257 + 29?
-229
In base 11, what is 3 - 33?
-30
In base 16, what is b - -2f?
3a
In base 15, what is -4b9 + 4?
-4b5
In base 11, what is -28 + -6?
-33
In base 5, what is -10 + 12430?
12420
In base 9, what is 6 - -102?
108
In base 10, what is 12 - 19?
-7
In base 15, what is 58 - 3?
55
In base 10, what is 45 + 73?
118
In base 12, what is 2b + -13?
18
In base 14, what is 8d3 - 0?
8d3
In base 15, what is -3 + 47?
44
In base 11, what is 1a + 119?
138
In base 7, what is -5 - 26?
-34
In base 12, what is -5 + 2a6?
2a1
In base 14, what is 4 - -115?
119
In base 16, what is 2a + -1a?
10
In base 2, what is -10 + 11011000?
11010110
In base 16, what is -3 - 2d?
-30
In base 14, what is 2 + -3b4?
-3b2
In base 2, what is -1 - 10000010?
-10000011
In base 9, what is -3 + -2?
-5
In base 16, what is -5 + 2d9?
2d4
In base 15, what is 5 - -d4?
d9
In base 13, what is 86 + -3?
83
In base 3, what is -11 + -21222?
-22010
In base 8, what is 1 - -4413?
4414
In base 7, what is 25 + -110?
-52
In base 9, what is -630 - -2?
-627
In base 11, what is -848 + 3?
-845
In base 14, what is 5 - -1b?
22
In base 8, what is -2 + 225?
223
In base 9, what is 180 - 1?
178
In base 3, what is 12000 + 11?
12011
In base 8, what is 21 + -206?
-165
In base 15, what is 3a - 4?
36
In base 6, what is -20 + -2243?
-2303
In base 14, what is 2ac - -3?
2b1
In base 5, what is -404 - -3?
-401
In base 2, what is -10011110101 - 101?
-10011111010
In base 5, what is 10132 - 3?
10124
In base 8, what is -531 + -61?
-612
In base 13, what is -23 + -10?
-33
In base 12, what is 423 + -3?
420
In base 11, what is 34 + 19?
52
In base 11, what is -2a49 - 3?
-2a51
In base 5, what is 12 + 232?
244
In base 6, what is 3 - 350?
-343
In base 2, what is -1010010 + -10?
-1010100
In base 8, what is -4246 + 7?
-4237
In base 13, what is -2 + 24?
22
In base 12, what is 1 + 363a?
363b
In base 13, what is -67 - -3?
-64
In base 9, what is 5 + -10037?
-10032
In base 15, what is -2b - 5b?
-87
In base 15, what is 1bb + 0?
1bb
In base 14, what is -4 + -76?
-7a
In base 9, what is 57 - -4?
62
In base 2, what is 11 - 11110001101?
-11110001010
In base 10, what is -4 + -75?
-79
In base 11, what is 7 + -a22?
-a16
In base 9, what is -701 + 5?
-685
In base 4, what is -30321 - -10?
-30311
In base 10, what is -4 - 18?
-22
In base 12, what is -11b3 + 7?
-11a8
In base 12, what is 21 + -7?
16
In base 7, what is 1 - 6050?
-6046
In base 10, what is -19 + 18?
-1
In base 4, what is 23 + 220?
303
In base 4, what is -12 + 31?
13
In base 12, what is -2 - b4?
-b6
In base 12, what is 832 - -3?
835
In base 13, what is 3 + 250?
253
In base 14, what is 21 - -22?
43
In base 10, what is -3 - -2408?
2405
In base 8, what is 4623 - 5?
4616
In base 3, what is 11 + -10?
1
In base 15, what is 141 + -a?
136
In base 7, what is -5 + -245?
-253
In base 6, what is -15 + -2205?
-2224
In base 2, what is 1101 - -10111?
100100
In base 16, what is a + ae?
b8
In base 13, what is 12a + 10?
13a
In base 9, what is -10 + 503?
483
In base 11, what is 13 - -23?
36
In base 13, what is a + -61?
-54
In base 13, what is 41 - -b?
4c
In base 5, what is 13411 - -2?
13413
In base 13, what is -8 - -1b9?
1b1
In base 3, what is 112120 - -1?
112121
In base 4, what is -2 - -121331?
121323
In base 2, what is -10100111111001 + 100?
-10100111110101
In base 10, what is 3 - 381?
-378
In base 15, what is -ba + -1?
-bb
In base 7, what is -2 - -25364?
25362
In base 4, what is -20020 - -11?
-20003
In base 12, what is -1 - -79?
78
In base 11, what is -3 + 1a60?
1a58
In base 12, what is -81 - 11?
-92
In base 4, what is 3230 - -30?
3320
In base 16, what is -ac - 9?
-b5
In base 11, what is 492 + 4?
496
In base 2, what is -100011 - 10100?
-110111
In base 4, what is -11012000 + 1?
-11011333
In base 11, what is -4a + -5?
-54
In base 4, what is 2 - 120?
-112
In base 2, what is -11 + -110000100?
-110000111
In base 14, what is -2 + d0?
cc
In base 10, what is -51 - 8?
-59
In base 14, what is 61 - 3?
5c
In base 12, what is -17 + -10?
-27
In base 10, what is -6326 + -1?
-6327
In base 14, what is 4 - -8b?
91
In base 7, what is 3 + -1